In base 2, what is -1000010111 + -101?
-1000011100
In base 4, what is 133200 + -2?
133132
In base 6, what is -13530 + -4?
-13534
In base 3, what is 11210 + -1001?
10202
In base 9, what is -400 - -4?
-385
In base 2, what is 1101 + -101?
1000
In base 11, what is 60 - -86?
136
In base 5, what is 12 - 1441?
-1424
In base 8, what is 11 - -331?
342
In base 11, what is -4 - 132?
-136
In base 4, what is -122231 - -3?
-122222
In base 8, what is 217 - 7?
210
In base 3, what is 11 - -1022?
1110
In base 9, what is 751 - 4?
746
In base 2, what is -10011 - -10011?
0
In base 7, what is -153 - -100?
-53
In base 16, what is -e1 - -6?
-db
In base 14, what is 16 + 1c?
34
In base 15, what is -156 + 5?
-151
In base 14, what is 83 + 3?
86
In base 8, what is -5330 + -1?
-5331
In base 6, what is -20302 + -5?
-20311
In base 8, what is 4562 - 4?
4556
In base 10, what is -2 + 93?
91
In base 10, what is 17 + 1?
18
In base 11, what is 0 + 962?
962
In base 9, what is -1003 + 1?
-1002
In base 3, what is -2122210 + 0?
-2122210
In base 14, what is -3 + 26?
23
In base 10, what is 1 + -154?
-153
In base 7, what is -32 - -22?
-10
In base 16, what is -28 + -7?
-2f
In base 16, what is -2b + 0?
-2b
In base 7, what is 1230 - -3?
1233
In base 15, what is 30 + -5?
2a
In base 9, what is -5 - -3117?
3112
In base 4, what is -320 + -10?
-330
In base 5, what is -22130 + -4?
-22134
In base 7, what is 211 - 4?
204
In base 3, what is 11 - 112122?
-112111
In base 9, what is 3 + 132?
135
In base 6, what is 253 - 20?
233
In base 15, what is -1 + 110?
10e
In base 2, what is 1010001111 - 100?
1010001011
In base 14, what is 25 + c?
33
In base 6, what is -24130 - 3?
-24133
In base 3, what is -1 + -221210?
-221211
In base 12, what is 19a1 + 5?
19a6
In base 6, what is -4 + -11451?
-11455
In base 5, what is 2 - 302?
-300
In base 15, what is -11 - b?
-1c
In base 12, what is -3 + -677?
-67a
In base 5, what is -3 - -21434?
21431
In base 14, what is 17 - a?
b
In base 7, what is 10 - -46?
56
In base 7, what is -5 - -13461?
13453
In base 9, what is -77 + -6?
-84
In base 9, what is 21552 + 3?
21555
In base 9, what is 112 - -4?
116
In base 15, what is -1e63 + 0?
-1e63
In base 14, what is -3 - 1d2?
-1d5
In base 9, what is 315 - 0?
315
In base 9, what is 3331 - -2?
3333
In base 16, what is -29 + 0?
-29
In base 13, what is -58 - 11c?
-177
In base 8, what is -1 + -501?
-502
In base 16, what is -f + -2?
-11
In base 6, what is -13 + 2533?
2520
In base 12, what is -1 + -175?
-176
In base 10, what is 1 + 1509?
1510
In base 7, what is 510 - 2?
505
In base 3, what is 10 + 111121?
111201
In base 11, what is -82 + 12?
-70
In base 13, what is 1 + -105?
-104
In base 11, what is -846 - 15?
-860
In base 2, what is -101 + 10110?
10001
In base 11, what is 0 + 439?
439
In base 13, what is 0 - 15a0?
-15a0
In base 13, what is 5 - -360?
365
In base 9, what is 11027 - 4?
11023
In base 11, what is 5 - 1074?
-106a
In base 9, what is 167 + 10?
177
In base 10, what is -5 + -80?
-85
In base 14, what is 402 + -2?
400
In base 11, what is 1 + -44?
-43
In base 11, what is 138 + 4?
141
In base 3, what is 20 - -1000220?
1001010
In base 9, what is -5 - 1374?
-1380
In base 2, what is 10 + -11010?
-11000
In base 15, what is 0 - 3a0?
-3a0
In base 16, what is -7 - -12?
b
In base 8, what is -347 - -1?
-346
In base 5, what is 110 - 10?
100
In base 10, what is 3 + 2474?
2477
In base 10, what is -3 + -668?
-671
In base 3, what is 22022 + 11?
22110
In base 8, what is 65 + 14?
101
In base 11, what is -21 + -3?
-24
In base 14, what is -66 + -1?
-67
In base 2, what is -10111100011 - -1010?
-10111011001
In base 15, what is 12d4 - 1?
12d3
In base 13, what is -818 - -1?
-817
In base 7, what is 232 - 0?
232
In base 7, what is 4 + 301?
305
In base 6, what is -2 - 342?
-344
In base 16, what is 16 + -3?
13
In base 8, what is 50 + 1?
51
In base 15, what is -9 + -7?
-11
In base 16, what is -151 - -5?
-14c
In base 2, what is 0 + 100010010?
100010010
In base 9, what is 1 + -103?
-102
In base 15, what is 218 + 11?
229
In base 2, what is -101 + 11110?
11001
In base 2, what is -11 + 101010101?
101010010
In base 9, what is 1 - -87?
88
In base 5, what is 31 - -343?
424
In base 8, what is -1 + -221?
-222
In base 7, what is 3 + -14512?
-14506
In base 4, what is -21131 - 1?
-21132
In base 2, what is 1110 - 11101?
-1111
In base 12, what is -a + -5?
-13
In base 12, what is 16 + -23?
-9
In base 13, what is -2 - -16?
14
In base 6, what is 2031 + -3?
2024
In base 16, what is -28 + -b?
-33
In base 11, what is 2 - -2616?
2618
In base 12, what is 699 + -1?
698
In base 16, what is 1 + -13b6?
-13b5
In base 11, what is -14 + -6?
-1a
In base 5, what is 1030 - -2041?
3121
In base 13, what is -62 + -9?
-6b
In base 13, what is -28b5 - -4?
-28b1
In base 3, what is -111122 + 20?
-111102
In base 12, what is -51 - 25?
-76
In base 7, what is 35 + -2?
33
In base 5, what is -3003 + 3?
-3000
In base 14, what is -b + -1a?
-27
In base 3, what is 12 - 10012?
-10000
In base 9, what is -4 + 133?
128
In base 16, what is 121 + -e?
113
In base 9, what is 726 + -5?
721
In base 14, what is 988 - 1?
987
In base 5, what is 0 - -3030?
3030
In base 8, what is 4 - -27?
33
In base 8, what is 2 - -1227?
1231
In base 7, what is 0 - -202?
202
In base 4, what is 11 - 331221?
-331210
In base 2, what is -11 + -111001100?
-111001111
In base 4, what is -22222 - -11?
-22211
In base 3, what is 200021 - 2?
200012
In base 13, what is -30 - -3?
-2a
In base 8, what is 203 - -2?
205
In base 8, what is -4747 + 2?
-4745
In base 10, what is -944 - 7?
-951
In base 15, what is 7 + 3b?
43
In base 11, what is 1226 - -2?
1228
In base 7, what is 211 + -4?
204
In base 13, what is -3 + 104?
101
In base 3, what is 20 - -100102?
100122
In base 13, what is c - 5b?
-4c
In base 5, what is -30444 - 3?
-31002
In base 5, what is 34 + -414?
-330
In base 10, what is -3185 + -7?
-3192
In base 10, what is -16 + 684?
668
In base 2, what is 11 - 1000010?
-111111
In base 2, what is -110110 - -10?
-110100
In base 3, what is 12 + 101202011?
101202100
In base 10, what is 1445 - 0?
1445
In base 5, what is -1130 - -22?
-1103
In base 12, what is 5 + -188?
-183
In base 3, what is 112 + 221?
1110
In base 2, what is 11 + 1001111?
1010010
In base 5, what is 1 + 324?
330
In base 13, what is -1 + -3c?
-40
In base 5, what is 2414 - 10?
2404
In base 12, what is 8 + 241?
249
In base 16, what is -b - 13?
-1e
In base 12, what is 73b + -2?
739
In base 5, what is 2 - -12003?
12010
In base 6, what is 1113 - 5?
1104
In base 10, what is -32 + -1?
-33
In base 6, what is 115 + -3?
112
In base 8, what is -410 - 4?
-414
In base 2, what is 1001 + 11011001?
11100010
In base 15, what is 5e - 5?
59
In base 2, what is 1010 - 1000101?
-111011
In base 16, what is -264 + 5?
-25f
In base 7, what is 161 + 11?
202
In base 2, what is 1011001011010 + 11?
1011001011101
In base 8, what is 1 + 14171?
14172
In base 10, what is 4 - 411?
-407
In base 8, what is 20 - 116?
-76
In base 7, what is 45253 + -3?
45250
In base 7, what is 6 - -1?
10
In base 13, what is 36 + -33?
3
In base 4, what is 11 - -1201?
1212
In base 15, what is 9 - 8?
1
In base 12, what is 19 + -3b0?
-393
In base 4, what is 1301 + -22?
1213
In base 14, what is -13b5 - 2?
-13b7
In base 16, what is -45c - 7?
-463
In base 4, what is 1112 - -2?
1120
In base 3, what is 1010 - -11?
1021
In base 10, what is 2 + -502?
-500
In base 10, what is -753 + 4?
-749
In base 16, what is 4 + -241?
-23d
In base 10, what is -7 - -1814?
1807
In base 2, what is 100 - 111000?
-110100
In base 6, what is -12 - -54?
42
In base 14, what is -8a1 + 4?
-89b
In base 3, what is -1010000 - 12?
-1010012
In base 8, what is 613 + 1?
614
In base 5, what is -13 + 4010?
3442
In base 11, what is 5 - -909?
913
In base 4, what is -2203 + 0?
-2203
In base 8, what is 4 - 30?
-24
In base 13, what is 0 - 39a?
-39a
In base 7, what is 26 + 2061?
2120
In base 11, what is 107 - -6?
112
In base 3, what is -11 - -1211112?
1211101
In base 7, what is 352 + -33?
316
In base 5, what is 0 - -1430?
1430
In base 15, what is 11 + -a0?
-8e
In base 12, what is -3603 + 5?
-35ba
In base 14, what is 9a2d - 5?
9a28
In base 7, what is 345 - -12?
360
In base 3, what is -1 - -12011020?
12011012
In base 6, what is 15220 - 3?
15213
In base 4, what is 202 - 223?
-21
In base 3, what is -2110 + 10101